rime factors of 528899.
7, 75557
What are the prime factors of 5453104?
2, 340819
What are the prime factors of 909450?
2, 3, 5, 43, 47
List the prime factors of 408171.
3, 136057
What are the prime factors of 242231?
11, 19, 61
What are the prime factors of 16947229?
13, 1303633
List the prime factors of 11455631.
11, 1041421
List the prime factors of 438744.
2, 3, 101, 181
List the prime factors of 994302.
2, 3, 18413
List the prime factors of 6110777.
6110777
What are the prime factors of 34174?
2, 7, 2441
List the prime factors of 675081.
3, 11, 2273
List the prime factors of 2178965.
5, 103, 4231
What are the prime factors of 28298163?
3, 19, 496459
What are the prime factors of 396769?
31, 12799
What are the prime factors of 6885820?
2, 5, 344291
List the prime factors of 2438188.
2, 41, 14867
What are the prime factors of 3133793?
13, 241061
What are the prime factors of 223574?
2, 13, 8599
List the prime factors of 1487097.
3, 165233
List the prime factors of 147223.
23, 37, 173
List the prime factors of 716532.
2, 3, 29, 71
What are the prime factors of 99110?
2, 5, 11, 17, 53
List the prime factors of 9861719.
7, 1408817
List the prime factors of 1609726.
2, 317, 2539
List the prime factors of 14540344.
2, 7, 13, 19973
What are the prime factors of 381802?
2, 190901
What are the prime factors of 3037553?
113, 26881
What are the prime factors of 204387?
3, 193, 353
List the prime factors of 11666875.
5, 11, 1697
List the prime factors of 13134.
2, 3, 11, 199
What are the prime factors of 9257214?
2, 3, 17, 47, 1931
List the prime factors of 905075.
5, 41, 883
List the prime factors of 5680977.
3, 23, 281, 293
List the prime factors of 7380849.
3, 7, 351469
What are the prime factors of 366126?
2, 3, 139, 439
What are the prime factors of 3471518?
2, 587, 2957
List the prime factors of 10460746.
2, 17, 307669
List the prime factors of 4306940.
2, 5, 11, 19577
List the prime factors of 12801978.
2, 3, 7, 101603
List the prime factors of 800356.
2, 19, 10531
List the prime factors of 12748427.
12748427
What are the prime factors of 634247?
634247
List the prime factors of 209280.
2, 3, 5, 109
What are the prime factors of 4509702?
2, 3, 23, 3631
What are the prime factors of 1230892?
2, 13, 23671
List the prime factors of 250943.
7, 11, 3259
List the prime factors of 1121565.
3, 5, 74771
What are the prime factors of 1126721?
41, 27481
What are the prime factors of 963816?
2, 3, 7, 5737
What are the prime factors of 2268790?
2, 5, 19, 11941
What are the prime factors of 570541?
337, 1693
What are the prime factors of 2393069?
7, 19, 947
List the prime factors of 24446643.
3, 13, 626837
What are the prime factors of 17686619?
17686619
List the prime factors of 7844851.
7, 37, 4327
List the prime factors of 3391344.
2, 3, 11, 2141
List the prime factors of 830135.
5, 166027
What are the prime factors of 1180219?
1180219
List the prime factors of 816992.
2, 11, 211
List the prime factors of 232902.
2, 3, 19, 227
What are the prime factors of 732678?
2, 3, 19, 6427
List the prime factors of 4181241.
3, 691, 2017
List the prime factors of 189461.
41, 4621
List the prime factors of 8752810.
2, 5, 11, 47, 1693
List the prime factors of 235459.
7, 33637
List the prime factors of 78879.
3, 26293
List the prime factors of 392329.
7, 41, 1367
What are the prime factors of 794307?
3, 264769
What are the prime factors of 394074?
2, 3, 21893
List the prime factors of 22814360.
2, 5, 570359
List the prime factors of 154888.
2, 19, 1019
List the prime factors of 17137240.
2, 5, 19, 22549
What are the prime factors of 31503?
3, 10501
What are the prime factors of 9040629?
3, 13, 59, 3929
What are the prime factors of 755395?
5, 17, 8887
List the prime factors of 2287471.
43, 53197
What are the prime factors of 1336043?
283, 4721
What are the prime factors of 240611?
7, 37, 929
What are the prime factors of 2246617?
19, 23, 53, 97
What are the prime factors of 1988268?
2, 3, 223, 743
What are the prime factors of 4661875?
5, 7459
What are the prime factors of 1155483?
3, 7, 18341
List the prime factors of 1633860.
2, 3, 5, 29, 313
List the prime factors of 44805.
3, 5, 29, 103
List the prime factors of 7076.
2, 29, 61
List the prime factors of 312917.
11, 28447
List the prime factors of 1536024.
2, 3, 7, 41, 223
What are the prime factors of 18085990?
2, 5, 13, 139123
List the prime factors of 4234008.
2, 3, 176417
List the prime factors of 2831052.
2, 3, 7, 33703
What are the prime factors of 91068?
2, 3, 7589
What are the prime factors of 351514?
2, 175757
What are the prime factors of 801919?
41, 19559
What are the prime factors of 2111655?
3, 5, 7, 13, 17
List the prime factors of 2865321.
3, 106123
What are the prime factors of 4405055?
5, 19, 89, 521
List the prime factors of 4189832.
2, 523729
What are the prime factors of 1640167?
1640167
List the prime factors of 167164.
2, 23, 79
What are the prime factors of 2666253?
3, 888751
List the prime factors of 9645581.
11, 876871
List the prime factors of 403341.
3, 31, 4337
What are the prime factors of 178538?
2, 89269
What are the prime factors of 477890?
2, 5, 7, 6827
List the prime factors of 606893.
7, 181, 479
List the prime factors of 10423744.
2, 271, 601
List the prime factors of 674207.
107, 6301
List the prime factors of 17378220.
2, 3, 5, 289637
What are the prime factors of 11910?
2, 3, 5, 397
List the prime factors of 12475083.
3, 127, 137, 239
List the prime factors of 18792676.
2, 7, 95881
What are the prime factors of 39342?
2, 3, 79, 83
List the prime factors of 102788.
2, 7, 3671
What are the prime factors of 259914?
2, 3, 43319
What are the prime factors of 4413772?
2, 11, 100313
List the prime factors of 484144.
2, 30259
What are the prime factors of 88609?
88609
List the prime factors of 190900.
2, 5, 23, 83
What are the prime factors of 996561?
3, 110729
What are the prime factors of 4004512?
2, 125141
What are the prime factors of 781109?
7, 19, 839
List the prime factors of 1249274.
2, 13, 48049
What are the prime factors of 292660?
2, 5, 14633
List the prime factors of 179472.
2, 3, 3739
What are the prime factors of 3375975?
3, 5, 45013
What are the prime factors of 388293?
3, 347, 373
List the prime factors of 130098.
2, 3, 21683
What are the prime factors of 641880?
2, 3, 5, 1783
List the prime factors of 2221659.
3, 11, 22441
What are the prime factors of 4730403?
3, 17, 92753
List the prime factors of 9353251.
1949, 4799
List the prime factors of 447578.
2, 31, 7219
List the prime factors of 3795109.
47, 80747
What are the prime factors of 10418999?
863, 12073
List the prime factors of 2865568.
2, 149, 601
What are the prime factors of 7429677?
3, 31, 79889
What are the prime factors of 10835383?
13, 833491
What are the prime factors of 139488?
2, 3, 1453
What are the prime factors of 1468771?
211, 6961
List the prime factors of 25632877.
31, 826867
List the prime factors of 7028.
2, 7, 251
What are the prime factors of 10012985?
5, 131, 15287
What are the prime factors of 920324?
2, 230081
List the prime factors of 19353.
3, 6451
What are the prime factors of 5724825?
3, 5, 37, 2063
List the prime factors of 10447872.
2, 3, 19, 179
What are the prime factors of 1662821?
17, 97813
List the prime factors of 169363.
257, 659
List the prime factors of 714172.
2, 19, 9397
List the prime factors of 832926.
2, 3, 138821
What are the prime factors of 1615160?
2, 5, 149, 271
What are the prime factors of 170820?
2, 3, 5, 13, 73
What are the prime factors of 415219?
7, 23, 2579
What are the prime factors of 160157?
17, 9421
List the prime factors of 78256.
2, 67, 73
What are the prime factors of 99916?
2, 24979
What are the prime factors of 2538611?
47, 54013
What are the prime factors of 2478843?
3, 101
What are the prime factors of 4507450?
2, 5, 90149
List the prime factors of 9388361.
277, 33893
What are the prime factors of 42124?
2, 10531
What are the prime factors of 500049?
3, 11, 5051
What are the prime factors of 318908?
2, 61, 1307
What are the prime factors of 8656009?
17, 479, 1063
List the prime factors of 375377.
17, 71, 311
List the prime factors of 1043837.
1043837
What are the prime factors of 74859?
3, 24953
What are the prime factors of 404217?
3, 11, 136